ppose 4*w - 3*w = k*z - 1372, -4*w - 830 = -3*z. Is z a prime number?
False
Let k = -4156 - -574. Let m = k - -5521. Is m a prime number?
False
Suppose 136045 = 3*f - 107*a + 109*a, 3*f - 3*a - 136035 = 0. Is f a prime number?
False
Let j(a) = 324*a + 1309. Is j(48) a composite number?
True
Let p(m) = -34*m + 29*m**3 + 4*m**2 + 179*m**3 + 17*m - 7 + 15*m. Is p(4) prime?
False
Suppose -3*i + 6*i - 7896 = 0. Suppose 0 = 6*p - 28594 + i. Is p composite?
False
Let t be (1/2)/(4/105656). Let x = t + -7884. Is x composite?
False
Suppose 6 = 4*n - 2*c - 4, -4*c - 16 = -4*n. Is 4390 + -1*(n - 2) a composite number?
False
Let k(b) = 1193*b - 1889. Is k(54) prime?
True
Let b = -15439 + 25662. Is b a prime number?
True
Is (-12842)/(0/(-29) - 2/5) a prime number?
False
Let i(c) = -802*c + 78. Let y be i(17). Is y/(-10) - (-1)/(55/(-33)) a prime number?
False
Suppose 0 = -c + 4*j - 8, c - 39 + 11 = -5*j. Suppose -3*f - 115 = -q - c*f, -111 = -q - 4*f. Is q prime?
False
Let u = 128 - 7. Let z(q) = -8 - u*q - 318*q - 167*q - 123*q. Is z(-3) composite?
False
Let x = -24847 + 122618. Is x a prime number?
True
Let q(f) = -51*f + 97*f - 44*f + 3. Let b be q(6). Suppose -12351 = b*p - 31596. Is p a composite number?
False
Is -7 - (-11 - (4125 + -2)) a prime number?
True
Let l(b) = -6*b + 23. Suppose 3*o - 2 - 1 = 0. Suppose -o = -3*s + 4*s, -5*m + 5*s = 40. Is l(m) composite?
True
Is 149*125 + (-64)/80*10 composite?
False
Let x(w) = -w**2 + 3*w + 40. Let b be x(8). Let n be b*4/(-40)*-5. Suppose n = 4*g - 878 - 462. Is g prime?
False
Let q = 1603 + 114. Let g = -3035 + q. Let l = g - -7367. Is l a prime number?
False
Suppose 3*g - 9674 = 2542. Let m = -2273 + g. Is m prime?
False
Let l be ((-240)/42 + 4)/(4/(-26166)). Suppose 0 = 7*c - 73423 + l. Is c prime?
True
Suppose 84*u - 79*u = -175. Is 2 - 7/5 - 90594/u a prime number?
False
Let c = -43175 + 65094. Is c composite?
True
Let p = 71 + -77. Let d(n) = 15*n**2 - 2*n + 10. Let z be d(p). Suppose -7*i = -3967 - z. Is i a prime number?
True
Suppose -134*i + 128*i + 106140 = 0. Let q = i + -12393. Is q prime?
True
Let v = -62 - -64. Suppose -4*m = 12, 5*y + v*m = -3*m - 15. Suppose y = 4*o + 1699 - 5327. Is o prime?
True
Let r(o) = -1952*o + 153. Let w be r(-19). Suppose 3*a = 4*m + w, a - 3576 - 8826 = -m. Is a a composite number?
True
Suppose -j - 3*c + 216091 = 0, j = c + 31146 + 184945. Is j a prime number?
True
Let l = 1976 - 1071. Let i(x) = x + 1. Let s be i(2). Suppose l = c - 0*c - s*m, -c = -5*m - 913. Is c a prime number?
False
Suppose 1968610 - 6350312 = 12*v - 38*v. Is v prime?
True
Let n = -579341 - -841558. Is n a composite number?
False
Suppose 285*b - 199*b = 4009234. Is b composite?
False
Suppose -76*p = -4*f - 78*p + 49476, 5*f - p - 61831 = 0. Is f a prime number?
False
Let z be 17/(-85) - (-31)/5. Let w be ((-10885)/(-21))/((-2)/z). Let b = -1106 - w. Is b a prime number?
True
Let i(y) = -5*y - 15. Let z be i(-3). Suppose -17*u + 22*u - 45 = z. Is 0 - ((-2)/u + (-113290)/90) a composite number?
False
Suppose -3*c - 4*s + 638 = -18401, -6343 = -c - 2*s. Let g = c + 2758. Is g a composite number?
True
Let o(l) = 3*l + 701. Let t be (-1 - 0)*(6 + -6)/(-1). Let m be t/((-4)/(-4))*-1*1. Is o(m) a prime number?
True
Let l(z) = -4*z - 75. Let q be l(-21). Suppose -3*w = q, 4*w = -5*a + 15364 + 2214. Is a a prime number?
False
Let z = -121942 + 170739. Is z a prime number?
False
Suppose 4*y = 2*p - 159154, 222991 = 2*p + 3*y + 63872. Is p a composite number?
True
Suppose -255970 = -11*c + 266332. Is c prime?
False
Let a be (-32)/(-16) + (2 + -1)*8654. Suppose 0 = -12*t + 10*t + j + a, -5*t = j - 21633. Is t prime?
True
Let s(f) = 2576*f**2 - 2. Let x be s(-1). Suppose 2*h = -4*a + x, 0 = a + 3*a + h - 2569. Let t = a + 312. Is t composite?
False
Suppose 7014140 = 52*l - 25*l - 2703079. Is l a composite number?
False
Let h = -354 + 357. Is (h - -3586 - -4)*1 composite?
False
Suppose 89*s - 313 = 88*s. Let p = 3020 - s. Is p composite?
False
Suppose 11*p + 47 = 377. Suppose p*v - 4106 = 28*v. Is v composite?
False
Let q = 309907 - 209186. Suppose 0 = -8*x + q + 35543. Is x composite?
False
Let p = 1522 + -722. Suppose 5*u - 5751 = 2*f, 2645 = 3*u - 4*f - p. Is u a prime number?
True
Let z(c) = 150191*c**2 + 37*c - 35. Is z(1) composite?
False
Let n(a) = 12783*a - 9278. Is n(33) prime?
True
Let z be (40/(-6))/(-2)*528/440. Suppose 0 = 2*d + z*b - 81934, 5*b = 2*d + 3*d - 204790. Is d a prime number?
True
Let t(z) = z**3 - 24*z**2 - 2*z + 49. Let m be t(24). Let s(q) = -8*q**2 - 5*q + 4. Let k be s(m). Is (-2202)/k*6/2 a composite number?
True
Let s = -8391 + 14738. Suppose s = 4*d + 3*r - 15396, 0 = 3*r - 3. Is d composite?
True
Suppose -5*q + 3*n + 45303 + 32005 = 0, -5*n + 61839 = 4*q. Is q a prime number?
True
Let p(q) = -25*q**2 - 16*q - 123*q**3 - 11 - 32 + 122*q**3. Is p(-29) composite?
True
Suppose -3*b + 22 = 5*o, 0 = 2*o - 7*o + 4*b + 29. Suppose -o*s - 29039 = 5*z - 110804, 65424 = 4*z + s. Is z composite?
True
Suppose -3*t + 19717 = 4*y, 2*t - 12690 = -5*y + 457. Let f = t - -2370. Is f a composite number?
False
Suppose -2*a - 17 + 9 = 3*x, x + 21 = 3*a. Let w(i) = -1 - 15 - 1 - 2 - 56*i. Is w(x) a prime number?
True
Suppose -10*f + 4*f = -10914. Let h = -181 + f. Suppose -k + h = 4*a, -a + 640 = 5*k + 221. Is a a prime number?
True
Let s be -306 + 2/8 + (-1)/4. Let h = 1745 - s. Is h composite?
True
Suppose -2*y - 2*b + 6*b = 8, 4*b - 8 = y. Suppose y = 3*h - 809 - 1462. Is h a composite number?
False
Let a = 31 - 19. Let v(o) = -o**2 - 7*o + 2. Let f be v(-7). Suppose -a*z = -f*z - 1660. Is z composite?
True
Let z = -1445 - -14754. Is z a prime number?
True
Let z = 912 + -3191. Let l = 3778 + z. Is l a prime number?
True
Let z(v) = v**2 + 3*v + 5. Let n be z(-3). Suppose 7*l - n*y - 1897 = 4*l, 3*l - 2*y = 1891. Is l a composite number?
True
Let c = -19112 + 34615. Is c a prime number?
False
Let a(j) = -906*j**2 - 5*j + 37. Let o be a(5). Let k = -10679 - o. Is k a composite number?
False
Let g = -134 - -138. Let t(w) = 3 - 3 + 3 + 140*w + g. Is t(2) prime?
False
Let w be 2/(-4)*(-6 - 70). Let q be 3*w + 8/2. Is (q - (-3 + 1)) + 1 prime?
False
Let q(r) = 15*r**3 + 39*r**2 + 7*r + 882. Is q(29) composite?
False
Let t be (-8276)/(-10) + (-2)/(-5). Let y(g) = 71*g**3 + g - 2. Let b be y(1). Suppose -b = 2*h - t. Is h composite?
False
Let i(g) = -g**2 - 47*g - 44. Let y be i(-46). Is (-27)/81 + (3061/3 - y) a composite number?
True
Let l(x) = -5*x - 36. Let v be l(-10). Suppose -18*m + v*m = 0. Suppose -4*q + 4*c + 0*c = -1992, m = 4*q - 5*c - 1991. Is q a prime number?
True
Let s(u) = -2*u - 25. Let m be s(15). Let h be ((-16)/(-6))/((-4)/(-966)). Let g = m + h. Is g prime?
False
Suppose 14 = 2*j - 0. Suppose n - j = 5. Is 1938/n - 1/2 a prime number?
False
Let u(x) = 16*x**3 - 73*x + 586. Is u(7) a composite number?
False
Let b(r) = -226*r**3 + r**2 - 5*r. Let y be b(-6). Suppose 62*c = 56*c + y. Is c a prime number?
True
Is (58751588/336 - 5) + 2/24 prime?
True
Suppose 0 = 9*a - 8*a - 69. Suppose 4*l = 3*n + 829, 3*l - 5*n - 677 = -a. Suppose 22*i - 21*i - l = 0. Is i a composite number?
False
Let i be -9*((-4)/12)/1. Suppose -i*u + 0*u = -621. Suppose 5*o = -2*s + 439 - 94, 0 = -3*o + 3*s + u. Is o a prime number?
False
Let i(q) = -1951*q - 993. Is i(-85) composite?
True
Let p = -11657 + 14216. Is p composite?
True
Let k(w) = 121*w + 6. Let p be k(21). Let o = -1148 + p. Is o a composite number?
False
Let v be -5 + (748/3)/((-4)/(-114)). Let y = v - -1760. Is y composite?
False
Let b = 20087 - -28350. Is b prime?
True
Suppose 3*n + 66 = 3*f, -4*n - f = -0*f + 93. Let u = 27 + n. Suppose -3*p - 12 = 0, u*p - 484 = -4*q + 6*p. Is q composite?
True
Suppose -4*q - 129 = -3*k - 0*q, 3*k = -4*q + 129. Suppose 4*g + k + 37 = 0. Let s(v) = 2*v**2 - 2*v + 29. Is s(g) prime?
False
Suppose -4*k - 24016 = -2*q + 15970, -5*k = -3*q + 59988. Is q prime?
True
Let m be 2/23 + (-461235)/(-345). Suppose -7*q + 0*q = -m. Is q composite?
False
Let d(r) = 1691*r - 36. Let c be d(2). Let k = 10919 - c. Is k a composite number?
False
Let o(z) = -41*z**2 - 16*z + 17. Let i be o(1). Is 28304/10 - (184/i - -4) prime?
False
Let s(k) = 1909*k**2 - 48*k + 262. Is s(9) prime?
True
Let y(r) = 3146*r**2 - 347*r + 1405